{"id":18,"date":"2018-10-29T13:43:24","date_gmt":"2018-10-29T12:43:24","guid":{"rendered":"http:\/\/localhost:9000\/?page_id=18"},"modified":"2022-04-07T14:58:01","modified_gmt":"2022-04-07T12:58:01","slug":"accueil","status":"publish","type":"page","link":"https:\/\/snackdelice.fr\/","title":{"rendered":"SNACK DELICE"},"content":{"rendered":"\t\t<div data-elementor-type=\"wp-post\" data-elementor-id=\"18\" class=\"elementor elementor-18\" data-elementor-settings=\"[]\">\n\t\t\t\t\t\t<div class=\"elementor-inner\">\n\t\t\t\t\t\t\t<div class=\"elementor-section-wrap\">\n\t\t\t\t\t\t\t<section class=\"elementor-section elementor-top-section elementor-element elementor-element-eef3a83 elementor-section-boxed elementor-section-height-default elementor-section-height-default\" data-id=\"eef3a83\" data-element_type=\"section\">\n\t\t\t\t\t\t<div class=\"elementor-container elementor-column-gap-default\">\n\t\t\t\t\t\t\t<div class=\"elementor-row\">\n\t\t\t\t\t<div class=\"elementor-column elementor-col-100 elementor-top-column elementor-element elementor-element-d6227e1\" data-id=\"d6227e1\" data-element_type=\"column\">\n\t\t\t<div class=\"elementor-column-wrap elementor-element-populated\">\n\t\t\t\t\t\t\t<div class=\"elementor-widget-wrap\">\n\t\t\t\t\t\t<div class=\"elementor-element elementor-element-6afbb6a elementor-widget elementor-widget-text-editor\" data-id=\"6afbb6a\" data-element_type=\"widget\" data-widget_type=\"text-editor.default\">\n\t\t\t\t<div class=\"elementor-widget-container\">\n\t\t\t\t\t\t\t\t<div class=\"elementor-text-editor elementor-clearfix\">\n\t\t\t\t<p style=\"text-align: center;\"><em><span style=\"font-size: 1rem;\">1 rue du Mont Bart\u00a0<br \/><\/span><span style=\"font-size: 1rem;\">25420 Voujeaucourt<\/span><\/em><\/p><p style=\"text-align: center;\"><em>Du mardi au vendredi<\/em><br \/><em>de 11h30 \u00e0 13h30 et de 18h \u00e0 22h<\/em><br \/><em>Le samedi et le dimanche de 18h \u00e0 22h<\/em><\/p><p style=\"text-align: center;\"><em>Livraison \u00e0 domicile<\/em><\/p>\t\t\t\t\t<\/div>\n\t\t\t\t\t\t<\/div>\n\t\t\t\t<\/div>\n\t\t\t\t\t\t<\/div>\n\t\t\t\t\t<\/div>\n\t\t<\/div>\n\t\t\t\t\t\t\t\t<\/div>\n\t\t\t\t\t<\/div>\n\t\t<\/section>\n\t\t\t\t<section class=\"elementor-section elementor-top-section elementor-element elementor-element-99e07dd elementor-section-boxed elementor-section-height-default elementor-section-height-default\" data-id=\"99e07dd\" data-element_type=\"section\">\n\t\t\t\t\t\t<div class=\"elementor-container elementor-column-gap-default\">\n\t\t\t\t\t\t\t<div class=\"elementor-row\">\n\t\t\t\t\t<div class=\"elementor-column elementor-col-50 elementor-top-column elementor-element elementor-element-b958998\" data-id=\"b958998\" data-element_type=\"column\">\n\t\t\t<div class=\"elementor-column-wrap elementor-element-populated\">\n\t\t\t\t\t\t\t<div class=\"elementor-widget-wrap\">\n\t\t\t\t\t\t<div class=\"elementor-element elementor-element-2288c7c elementor-view-default elementor-widget elementor-widget-icon\" data-id=\"2288c7c\" data-element_type=\"widget\" data-widget_type=\"icon.default\">\n\t\t\t\t<div class=\"elementor-widget-container\">\n\t\t\t\t\t<div class=\"elementor-icon-wrapper\">\n\t\t\t<div class=\"elementor-icon elementor-animation-buzz\">\n\t\t\t\t\t\t\t<i class=\"fa fa-phone\" aria-hidden=\"true\"><\/i>\n\t\t\t\t\t\t<\/div>\n\t\t<\/div>\n\t\t\t\t<\/div>\n\t\t\t\t<\/div>\n\t\t\t\t\t\t<\/div>\n\t\t\t\t\t<\/div>\n\t\t<\/div>\n\t\t\t\t<div class=\"elementor-column elementor-col-50 elementor-top-column elementor-element elementor-element-cdf993e\" data-id=\"cdf993e\" data-element_type=\"column\">\n\t\t\t<div class=\"elementor-column-wrap elementor-element-populated\">\n\t\t\t\t\t\t\t<div class=\"elementor-widget-wrap\">\n\t\t\t\t\t\t<div class=\"elementor-element elementor-element-48d26c2 elementor-widget elementor-widget-text-editor\" data-id=\"48d26c2\" data-element_type=\"widget\" data-widget_type=\"text-editor.default\">\n\t\t\t\t<div class=\"elementor-widget-container\">\n\t\t\t\t\t\t\t\t<div class=\"elementor-text-editor elementor-clearfix\">\n\t\t\t\t<p><strong>03 63 81 62 92<\/strong><\/p>\t\t\t\t\t<\/div>\n\t\t\t\t\t\t<\/div>\n\t\t\t\t<\/div>\n\t\t\t\t\t\t<\/div>\n\t\t\t\t\t<\/div>\n\t\t<\/div>\n\t\t\t\t\t\t\t\t<\/div>\n\t\t\t\t\t<\/div>\n\t\t<\/section>\n\t\t\t\t\t\t<\/div>\n\t\t\t\t\t\t<\/div>\n\t\t\t\t\t<\/div>\n\t\t","protected":false},"excerpt":{"rendered":"<p>1 rue du Mont Bart\u00a025420 Voujeaucourt Du mardi au vendredide 11h30 \u00e0 13h30 et de 18h \u00e0 22hLe samedi et le dimanche de 18h \u00e0 22h Livraison \u00e0 domicile 03 63 81 62 92<\/p>\n","protected":false},"author":1,"featured_media":51,"parent":0,"menu_order":0,"comment_status":"closed","ping_status":"closed","template":"","meta":{"_monsterinsights_skip_tracking":false,"_monsterinsights_sitenote_active":false,"_monsterinsights_sitenote_note":"","_monsterinsights_sitenote_category":0},"yoast_head":"<!-- This site is optimized with the Yoast SEO plugin v17.6 - https:\/\/yoast.com\/wordpress\/plugins\/seo\/ -->\n<title>SNACK DELICE - Snack Delice<\/title>\n<meta name=\"robots\" content=\"index, follow, max-snippet:-1, max-image-preview:large, max-video-preview:-1\" \/>\n<link rel=\"canonical\" href=\"https:\/\/snackdelice.fr\/\" \/>\n<meta property=\"og:locale\" content=\"fr_FR\" \/>\n<meta property=\"og:type\" content=\"article\" \/>\n<meta property=\"og:title\" content=\"SNACK DELICE - Snack Delice\" \/>\n<meta property=\"og:description\" content=\"1 rue du Mont Bart\u00a025420 Voujeaucourt Du mardi au vendredide 11h30 \u00e0 13h30 et de 18h \u00e0 22hLe samedi et le dimanche de 18h \u00e0 22h Livraison \u00e0 domicile 03 63 81 62 92\" \/>\n<meta property=\"og:url\" content=\"https:\/\/snackdelice.fr\/\" \/>\n<meta property=\"og:site_name\" content=\"Snack Delice\" \/>\n<meta property=\"article:publisher\" content=\"https:\/\/fr-fr.facebook.com\/pages\/category\/Fast-Food-Restaurant\/Snack-D%c3%a9lice-207977589759519\/\" \/>\n<meta property=\"article:modified_time\" content=\"2022-04-07T12:58:01+00:00\" \/>\n<meta property=\"og:image\" content=\"https:\/\/snackdelice.fr\/wp-content\/uploads\/2018\/10\/burger-06.jpg\" \/>\n\t<meta property=\"og:image:width\" content=\"1356\" \/>\n\t<meta property=\"og:image:height\" content=\"1808\" \/>\n<meta name=\"twitter:card\" content=\"summary_large_image\" \/>\n<meta name=\"twitter:label1\" content=\"Dur\u00e9e de lecture estim\u00e9e\" \/>\n\t<meta name=\"twitter:data1\" content=\"1 minute\" \/>\n<script type=\"application\/ld+json\" class=\"yoast-schema-graph\">{\"@context\":\"https:\/\/schema.org\",\"@graph\":[{\"@type\":\"WebSite\",\"@id\":\"http:\/\/snackdelice.fr\/#website\",\"url\":\"http:\/\/snackdelice.fr\/\",\"name\":\"Snack Delice\",\"description\":\"25420 Voujeaucourt - 03 63 8 1 62 92\",\"potentialAction\":[{\"@type\":\"SearchAction\",\"target\":{\"@type\":\"EntryPoint\",\"urlTemplate\":\"http:\/\/snackdelice.fr\/?s={search_term_string}\"},\"query-input\":\"required name=search_term_string\"}],\"inLanguage\":\"fr-FR\"},{\"@type\":\"ImageObject\",\"@id\":\"https:\/\/snackdelice.fr\/#primaryimage\",\"inLanguage\":\"fr-FR\",\"url\":\"https:\/\/snackdelice.fr\/wp-content\/uploads\/2018\/10\/burger-06.jpg\",\"contentUrl\":\"https:\/\/snackdelice.fr\/wp-content\/uploads\/2018\/10\/burger-06.jpg\",\"width\":1356,\"height\":1808},{\"@type\":\"WebPage\",\"@id\":\"https:\/\/snackdelice.fr\/#webpage\",\"url\":\"https:\/\/snackdelice.fr\/\",\"name\":\"SNACK DELICE - Snack Delice\",\"isPartOf\":{\"@id\":\"http:\/\/snackdelice.fr\/#website\"},\"primaryImageOfPage\":{\"@id\":\"https:\/\/snackdelice.fr\/#primaryimage\"},\"datePublished\":\"2018-10-29T12:43:24+00:00\",\"dateModified\":\"2022-04-07T12:58:01+00:00\",\"breadcrumb\":{\"@id\":\"https:\/\/snackdelice.fr\/#breadcrumb\"},\"inLanguage\":\"fr-FR\",\"potentialAction\":[{\"@type\":\"ReadAction\",\"target\":[\"https:\/\/snackdelice.fr\/\"]}]},{\"@type\":\"BreadcrumbList\",\"@id\":\"https:\/\/snackdelice.fr\/#breadcrumb\",\"itemListElement\":[{\"@type\":\"ListItem\",\"position\":1,\"name\":\"Accueil\",\"item\":\"https:\/\/snackdelice.fr\/\"},{\"@type\":\"ListItem\",\"position\":2,\"name\":\"SNACK DELICE\"}]}]}<\/script>\n<!-- \/ Yoast SEO plugin. -->","yoast_head_json":{"title":"SNACK DELICE - Snack Delice","robots":{"index":"index","follow":"follow","max-snippet":"max-snippet:-1","max-image-preview":"max-image-preview:large","max-video-preview":"max-video-preview:-1"},"canonical":"https:\/\/snackdelice.fr\/","og_locale":"fr_FR","og_type":"article","og_title":"SNACK DELICE - Snack Delice","og_description":"1 rue du Mont Bart\u00a025420 Voujeaucourt Du mardi au vendredide 11h30 \u00e0 13h30 et de 18h \u00e0 22hLe samedi et le dimanche de 18h \u00e0 22h Livraison \u00e0 domicile 03 63 81 62 92","og_url":"https:\/\/snackdelice.fr\/","og_site_name":"Snack Delice","article_publisher":"https:\/\/fr-fr.facebook.com\/pages\/category\/Fast-Food-Restaurant\/Snack-D%c3%a9lice-207977589759519\/","article_modified_time":"2022-04-07T12:58:01+00:00","og_image":[{"width":1356,"height":1808,"url":"https:\/\/snackdelice.fr\/wp-content\/uploads\/2018\/10\/burger-06.jpg","type":"image\/jpeg"}],"twitter_card":"summary_large_image","twitter_misc":{"Dur\u00e9e de lecture estim\u00e9e":"1 minute"},"schema":{"@context":"https:\/\/schema.org","@graph":[{"@type":"WebSite","@id":"http:\/\/snackdelice.fr\/#website","url":"http:\/\/snackdelice.fr\/","name":"Snack Delice","description":"25420 Voujeaucourt - 03 63 8 1 62 92","potentialAction":[{"@type":"SearchAction","target":{"@type":"EntryPoint","urlTemplate":"http:\/\/snackdelice.fr\/?s={search_term_string}"},"query-input":"required name=search_term_string"}],"inLanguage":"fr-FR"},{"@type":"ImageObject","@id":"https:\/\/snackdelice.fr\/#primaryimage","inLanguage":"fr-FR","url":"https:\/\/snackdelice.fr\/wp-content\/uploads\/2018\/10\/burger-06.jpg","contentUrl":"https:\/\/snackdelice.fr\/wp-content\/uploads\/2018\/10\/burger-06.jpg","width":1356,"height":1808},{"@type":"WebPage","@id":"https:\/\/snackdelice.fr\/#webpage","url":"https:\/\/snackdelice.fr\/","name":"SNACK DELICE - Snack Delice","isPartOf":{"@id":"http:\/\/snackdelice.fr\/#website"},"primaryImageOfPage":{"@id":"https:\/\/snackdelice.fr\/#primaryimage"},"datePublished":"2018-10-29T12:43:24+00:00","dateModified":"2022-04-07T12:58:01+00:00","breadcrumb":{"@id":"https:\/\/snackdelice.fr\/#breadcrumb"},"inLanguage":"fr-FR","potentialAction":[{"@type":"ReadAction","target":["https:\/\/snackdelice.fr\/"]}]},{"@type":"BreadcrumbList","@id":"https:\/\/snackdelice.fr\/#breadcrumb","itemListElement":[{"@type":"ListItem","position":1,"name":"Accueil","item":"https:\/\/snackdelice.fr\/"},{"@type":"ListItem","position":2,"name":"SNACK DELICE"}]}]}},"_links":{"self":[{"href":"https:\/\/snackdelice.fr\/index.php?rest_route=\/wp\/v2\/pages\/18"}],"collection":[{"href":"https:\/\/snackdelice.fr\/index.php?rest_route=\/wp\/v2\/pages"}],"about":[{"href":"https:\/\/snackdelice.fr\/index.php?rest_route=\/wp\/v2\/types\/page"}],"author":[{"embeddable":true,"href":"https:\/\/snackdelice.fr\/index.php?rest_route=\/wp\/v2\/users\/1"}],"replies":[{"embeddable":true,"href":"https:\/\/snackdelice.fr\/index.php?rest_route=%2Fwp%2Fv2%2Fcomments&post=18"}],"version-history":[{"count":21,"href":"https:\/\/snackdelice.fr\/index.php?rest_route=\/wp\/v2\/pages\/18\/revisions"}],"predecessor-version":[{"id":173,"href":"https:\/\/snackdelice.fr\/index.php?rest_route=\/wp\/v2\/pages\/18\/revisions\/173"}],"wp:featuredmedia":[{"embeddable":true,"href":"https:\/\/snackdelice.fr\/index.php?rest_route=\/wp\/v2\/media\/51"}],"wp:attachment":[{"href":"https:\/\/snackdelice.fr\/index.php?rest_route=%2Fwp%2Fv2%2Fmedia&parent=18"}],"curies":[{"name":"wp","href":"https:\/\/api.w.org\/{rel}","templated":true}]}}